the highest common factor of 516096 and 3912192.
4608
Calculate the highest common factor of 2509 and 947691953.
2509
Calculate the greatest common divisor of 20035239 and 7119.
2373
What is the greatest common factor of 1453700 and 90?
10
Calculate the greatest common factor of 203640 and 2520.
120
What is the greatest common factor of 2614570 and 63140?
2870
Calculate the highest common divisor of 96 and 2167774368.
96
What is the greatest common divisor of 45748389 and 678?
339
Calculate the greatest common divisor of 660 and 97051820.
20
Calculate the greatest common divisor of 466030 and 3103.
29
What is the greatest common divisor of 3320 and 2189540?
1660
Calculate the greatest common divisor of 127142557 and 1553.
1553
What is the greatest common factor of 40005 and 408555?
315
What is the greatest common factor of 158802 and 13126239?
4179
What is the highest common factor of 94500 and 44388?
108
Calculate the greatest common factor of 59033 and 300732266.
4541
Calculate the highest common divisor of 626778 and 34266726.
8586
Calculate the greatest common divisor of 23716535 and 5.
5
What is the highest common divisor of 207566195 and 290?
145
Calculate the highest common divisor of 28336204 and 208.
52
What is the highest common factor of 101880 and 171498?
1698
What is the highest common divisor of 3956 and 145303880?
3956
What is the highest common factor of 11088 and 3036330?
198
What is the greatest common factor of 4641246 and 645322?
2818
Calculate the greatest common divisor of 59993744 and 24.
8
Calculate the greatest common divisor of 432 and 8666112.
48
Calculate the greatest common factor of 1240 and 16783080.
40
What is the highest common divisor of 6721037 and 146?
73
Calculate the greatest common divisor of 13691 and 1657.
1
What is the greatest common factor of 7266 and 17735614?
346
What is the greatest common divisor of 17418212 and 152?
76
Calculate the highest common factor of 38 and 123810574.
38
Calculate the greatest common factor of 9476 and 172951214.
4738
What is the greatest common factor of 97260885 and 1440?
45
Calculate the highest common divisor of 470928 and 4272.
48
What is the highest common divisor of 38442 and 141126?
258
What is the greatest common divisor of 9396007 and 93?
31
Calculate the highest common factor of 2012616 and 216.
72
What is the highest common factor of 170482772 and 4874?
4874
Calculate the highest common divisor of 430 and 2061592.
86
Calculate the greatest common divisor of 737237 and 75643.
1129
What is the highest common factor of 2843945 and 975?
65
What is the greatest common factor of 125 and 2770150?
25
What is the highest common divisor of 30 and 2190795?
15
What is the highest common divisor of 307792 and 992?
16
What is the highest common factor of 17009720 and 78?
26
What is the highest common factor of 29815 and 602330?
335
Calculate the greatest common divisor of 2484 and 165370644.
828
What is the highest common divisor of 25025760 and 21816?
216
What is the greatest common factor of 56 and 61164544?
56
Calculate the greatest common factor of 81996 and 12594.
6
What is the greatest common divisor of 1656 and 5358264?
552
What is the highest common factor of 5347438 and 2294?
62
Calculate the greatest common divisor of 18827032 and 9744.
1624
Calculate the greatest common divisor of 5229603 and 5832.
243
What is the highest common divisor of 17284 and 628517?
29
What is the greatest common factor of 72 and 307263276?
36
What is the greatest common factor of 4341059 and 16735?
3347
Calculate the highest common factor of 60 and 207341940.
60
What is the greatest common factor of 28303166 and 395910?
8798
What is the greatest common factor of 3652 and 230753446?
1826
Calculate the greatest common divisor of 352547073 and 2031.
2031
What is the highest common divisor of 1875547430 and 124?
62
What is the highest common divisor of 161332558 and 3858?
1286
What is the highest common divisor of 5272 and 40728836?
2636
Calculate the highest common factor of 104 and 67595684.
52
What is the greatest common factor of 125100 and 4700?
100
Calculate the highest common factor of 9 and 65103924.
3
What is the greatest common divisor of 72030 and 318?
6
Calculate the greatest common divisor of 141940 and 33370.
470
What is the highest common factor of 44875 and 16725810?
1795
What is the greatest common factor of 2006875 and 35815?
1235
What is the highest common divisor of 25026 and 2713214?
86
Calculate the highest common factor of 3591 and 453663.
1197
What is the greatest common factor of 660 and 5024940?
60
What is the highest common factor of 4538871 and 3277?
113
Calculate the highest common divisor of 42 and 3207954.
6
What is the highest common divisor of 1402632 and 630?
126
What is the greatest common divisor of 304 and 203609624?
152
Calculate the greatest common factor of 880 and 6936880.
80
Calculate the highest common divisor of 669 and 58833.
3
Calculate the highest common divisor of 37719 and 91071.
27
What is the greatest common factor of 753973 and 3564?
11
Calculate the highest common divisor of 31464 and 7406184.
552
Calculate the highest common factor of 138082910 and 70.
70
What is the highest common divisor of 39 and 14493505?
13
Calculate the highest common factor of 52816912 and 5350.
214
Calculate the greatest common factor of 456 and 2371989336.
456
Calculate the highest common factor of 91804 and 60180.
236
What is the highest common divisor of 306 and 254439?
153
Calculate the greatest common divisor of 122 and 14649333.
61
Calculate the greatest common factor of 564 and 10945.
1
What is the highest common factor of 213262935 and 114?
57
Calculate the greatest common factor of 746491 and 466317.
1919
Calculate the highest common factor of 34912291 and 38.
19
Calculate the greatest common factor of 2498256 and 11664.
432
What is the highest common divisor of 237 and 843?
3
What is the greatest common factor of 2915 and 2253825?
265
What is the greatest common divisor of 3288 and 2835783276?
1644
What is the highest common factor of 1770 and 1180395?
15
What is the highest common divisor of 520 and 1962376?
104
Calculate the highest common divisor of 14583533 and 3233.
53
Calculate the highest common factor of 83384964 and 52.
52
Calculate the greatest common divisor of 2916992 and 168.
8
What is the highest common factor of 1641688 and 12?
4
What is the greatest common factor of 8339 and 1382569?
31
Calculate the greatest common factor of 1760 and 114793360.
880
What is the highest common factor of 53217806 and 14531?
1321
Calculate the greatest common divisor of 143934200 and 20.
20
Calculate the highest common factor of 1541 and 206082553.
1541
What is the highest common factor of 2525278 and 60634?
854
What is the greatest common factor of 275808 and 89856?
1248
What is the highest common factor of 704911104 and 3423?
489
What is the greatest common factor of 1894 and 17188050?
1894
What is the highest common factor of 14 and 112810747?
7
What is the highest common factor of 28012882 and 2198?
314
Calculate the highest common divisor of 24973383 and 186.
93
What is the greatest common divisor of 6890122 and 69502?
1178
Calculate the greatest common divisor of 11397 and 2354061747.
11397
What is the highest common divisor of 2036 and 8996066?
1018
Calculate the highest common divisor of 505 and 11565005.
505
What is the highest common factor of 313323 and 1175329?
1471
What is the greatest common factor of 235998918 and 4068?
2034
Calculate the highest common factor of 1896228 and 1332.
36
What is the highest common factor of 27434 and 138116?
946
Calculate the greatest common factor of 972 and 373400532.
36
What is the greatest common factor of 91831 and 89728?
701
Calculate the greatest common factor of 1016808 and 8696.
8
Calculate the greatest common factor of 664 and 2133056.
8
What is the greatest common divisor of 210 and 54094110?
210
Calculate the greatest common factor of 14330631 and 21.
21
Calculate the highest common factor of 574 and 8078.
14
What is the highest common divisor of 1870477020 and 1020?
1020
Calculate the greatest common divisor of 384481317 and 161.
23
What is the greatest common factor of 10707 and 8051?
83
What is